{"id":43826,"date":"2026-04-28T13:41:12","date_gmt":"2026-04-28T11:41:12","guid":{"rendered":"https:\/\/www.ansoain.es\/?post_type=eventos&#038;p=43826"},"modified":"2026-04-28T13:41:12","modified_gmt":"2026-04-28T11:41:12","slug":"el-cementerio-de-las-botellas-botilen-hilerria-dokumentala-eta-hitzaldia","status":"publish","type":"eventos","link":"http:\/\/www.ansoain.es\/eu\/eventos\/el-cementerio-de-las-botellas-botilen-hilerria-dokumentala-eta-hitzaldia\/","title":{"rendered":"El cementerio de las botellas &#8211; Botilen hilerria | Dokumentala eta hitzaldia"},"content":{"rendered":"<p><em><strong>Memoriaren Astea<\/strong><\/em><\/p>\n<p>Asociaci\u00f3n Txinparta<\/p>\n<p>I\u00f1aki Alforjak egindako dokumentalea<\/p>\n<p>Hizlaria: Koldo Pla<\/p>\n<p>&nbsp;<\/p>\n","protected":false},"featured_media":43827,"template":"","meta":{"_edit_last":["2"],"_edit_lock":["1777376337:2"],"_wpml_word_count":["31"],"_thumbnail_id":["43827"],"_exactmetrics_sitenote_active":["0"],"event_ext":[""],"event_location":["41784"],"imagenslia":[""],"event_horario":["19:00"],"event_horario_inicio":[""],"event_horario_fin":[""],"fechas":[""],"importe":[""],"inscripcion":[""],"botonve":[""],"botonveu":[""],"ponente":[""],"autor_o":[""],"nota":[""],"boton1":[""],"boton1u":[""],"barra":[""],"mostrar_barra":["1"],"dias":[";22-5-2026;"],"event_date":["1779408000"],"event_date1":["1779408000"],"_wpml_media_duplicate":["1"],"_wpml_media_featured":["1"],"_yoast_wpseo_primary_categoriaeventos":["173"],"_yoast_wpseo_content_score":["90"],"_yoast_wpseo_estimated-reading-time-minutes":["1"]},"class_list":["post-43826","eventos","type-eventos","status-publish","has-post-thumbnail","hentry","categoriaeventos-hitzaldia"],"yoast_head":"<!-- This site is optimized with the Yoast SEO plugin v24.9 - https:\/\/yoast.com\/wordpress\/plugins\/seo\/ -->\r\n<title>El cementerio de las botellas - Botilen hilerria | Dokumentala eta hitzaldia - Antsoaingo Udala \/ Ayuntamiento de Anso\u00e1in<\/title>\r\n<meta name=\"robots\" content=\"index, follow, max-snippet:-1, max-image-preview:large, max-video-preview:-1\" \/>\r\n<link rel=\"canonical\" href=\"https:\/\/www.ansoain.es\/eu\/eventos\/el-cementerio-de-las-botellas-botilen-hilerria-dokumentala-eta-hitzaldia\/\" \/>\r\n<meta property=\"og:locale\" content=\"eu_ES\" \/>\r\n<meta property=\"og:type\" content=\"article\" \/>\r\n<meta property=\"og:title\" content=\"El cementerio de las botellas - Botilen hilerria | Dokumentala eta hitzaldia - Antsoaingo Udala \/ Ayuntamiento de Anso\u00e1in\" \/>\r\n<meta property=\"og:description\" content=\"Memoriaren Astea Asociaci\u00f3n Txinparta I\u00f1aki Alforjak egindako dokumentalea Hizlaria: Koldo Pla &nbsp;\" \/>\r\n<meta property=\"og:url\" content=\"https:\/\/www.ansoain.es\/eu\/eventos\/el-cementerio-de-las-botellas-botilen-hilerria-dokumentala-eta-hitzaldia\/\" \/>\r\n<meta property=\"og:site_name\" content=\"Antsoaingo Udala \/ Ayuntamiento de Anso\u00e1in\" \/>\r\n<meta property=\"og:image\" content=\"https:\/\/www.ansoain.es\/wp-content\/uploads\/2026\/04\/7.-El_cementerio_de_las-botellas.jpg\" \/>\r\n\t<meta property=\"og:image:width\" content=\"1596\" \/>\r\n\t<meta property=\"og:image:height\" content=\"2178\" \/>\r\n\t<meta property=\"og:image:type\" content=\"image\/jpeg\" \/>\r\n<meta name=\"twitter:card\" content=\"summary_large_image\" \/>\r\n<meta name=\"twitter:label1\" content=\"Est. reading time\" \/>\n\t<meta name=\"twitter:data1\" content=\"1 minute\" \/>\r\n<script type=\"application\/ld+json\" class=\"yoast-schema-graph\">{\"@context\":\"https:\/\/schema.org\",\"@graph\":[{\"@type\":\"WebPage\",\"@id\":\"https:\/\/www.ansoain.es\/eu\/eventos\/el-cementerio-de-las-botellas-botilen-hilerria-dokumentala-eta-hitzaldia\/\",\"url\":\"https:\/\/www.ansoain.es\/eu\/eventos\/el-cementerio-de-las-botellas-botilen-hilerria-dokumentala-eta-hitzaldia\/\",\"name\":\"El cementerio de las botellas - Botilen hilerria | Dokumentala eta hitzaldia - Antsoaingo Udala \/ Ayuntamiento de Anso\u00e1in\",\"isPartOf\":{\"@id\":\"http:\/\/www.ansoain.es\/eu\/#website\"},\"primaryImageOfPage\":{\"@id\":\"https:\/\/www.ansoain.es\/eu\/eventos\/el-cementerio-de-las-botellas-botilen-hilerria-dokumentala-eta-hitzaldia\/#primaryimage\"},\"image\":{\"@id\":\"https:\/\/www.ansoain.es\/eu\/eventos\/el-cementerio-de-las-botellas-botilen-hilerria-dokumentala-eta-hitzaldia\/#primaryimage\"},\"thumbnailUrl\":\"http:\/\/www.ansoain.es\/wp-content\/uploads\/2026\/04\/7.-El_cementerio_de_las-botellas.jpg\",\"datePublished\":\"2026-04-28T11:41:12+00:00\",\"breadcrumb\":{\"@id\":\"https:\/\/www.ansoain.es\/eu\/eventos\/el-cementerio-de-las-botellas-botilen-hilerria-dokumentala-eta-hitzaldia\/#breadcrumb\"},\"inLanguage\":\"eu-ES\",\"potentialAction\":[{\"@type\":\"ReadAction\",\"target\":[\"https:\/\/www.ansoain.es\/eu\/eventos\/el-cementerio-de-las-botellas-botilen-hilerria-dokumentala-eta-hitzaldia\/\"]}]},{\"@type\":\"ImageObject\",\"inLanguage\":\"eu-ES\",\"@id\":\"https:\/\/www.ansoain.es\/eu\/eventos\/el-cementerio-de-las-botellas-botilen-hilerria-dokumentala-eta-hitzaldia\/#primaryimage\",\"url\":\"http:\/\/www.ansoain.es\/wp-content\/uploads\/2026\/04\/7.-El_cementerio_de_las-botellas.jpg\",\"contentUrl\":\"http:\/\/www.ansoain.es\/wp-content\/uploads\/2026\/04\/7.-El_cementerio_de_las-botellas.jpg\",\"width\":1596,\"height\":2178},{\"@type\":\"BreadcrumbList\",\"@id\":\"https:\/\/www.ansoain.es\/eu\/eventos\/el-cementerio-de-las-botellas-botilen-hilerria-dokumentala-eta-hitzaldia\/#breadcrumb\",\"itemListElement\":[{\"@type\":\"ListItem\",\"position\":1,\"name\":\"Portada\",\"item\":\"http:\/\/www.ansoain.es\/eu\/\"},{\"@type\":\"ListItem\",\"position\":2,\"name\":\"Eventos\",\"item\":\"https:\/\/www.ansoain.es\/eventos\/\"},{\"@type\":\"ListItem\",\"position\":3,\"name\":\"El cementerio de las botellas &#8211; Botilen hilerria | Dokumentala eta hitzaldia\"}]},{\"@type\":\"WebSite\",\"@id\":\"http:\/\/www.ansoain.es\/eu\/#website\",\"url\":\"http:\/\/www.ansoain.es\/eu\/\",\"name\":\"Antsoaingo Udala \/ Ayuntamiento de Anso\u00e1in\",\"description\":\"Sitio web del Antsoaingo Udala \/ Ayuntamiento de Anso\u00e1in\",\"potentialAction\":[{\"@type\":\"SearchAction\",\"target\":{\"@type\":\"EntryPoint\",\"urlTemplate\":\"http:\/\/www.ansoain.es\/eu\/?s={search_term_string}\"},\"query-input\":{\"@type\":\"PropertyValueSpecification\",\"valueRequired\":true,\"valueName\":\"search_term_string\"}}],\"inLanguage\":\"eu-ES\"}]}<\/script>\r\n<!-- \/ Yoast SEO plugin. -->","yoast_head_json":{"title":"El cementerio de las botellas - Botilen hilerria | Dokumentala eta hitzaldia - Antsoaingo Udala \/ Ayuntamiento de Anso\u00e1in","robots":{"index":"index","follow":"follow","max-snippet":"max-snippet:-1","max-image-preview":"max-image-preview:large","max-video-preview":"max-video-preview:-1"},"canonical":"https:\/\/www.ansoain.es\/eu\/eventos\/el-cementerio-de-las-botellas-botilen-hilerria-dokumentala-eta-hitzaldia\/","og_locale":"eu_ES","og_type":"article","og_title":"El cementerio de las botellas - Botilen hilerria | Dokumentala eta hitzaldia - Antsoaingo Udala \/ Ayuntamiento de Anso\u00e1in","og_description":"Memoriaren Astea Asociaci\u00f3n Txinparta I\u00f1aki Alforjak egindako dokumentalea Hizlaria: Koldo Pla &nbsp;","og_url":"https:\/\/www.ansoain.es\/eu\/eventos\/el-cementerio-de-las-botellas-botilen-hilerria-dokumentala-eta-hitzaldia\/","og_site_name":"Antsoaingo Udala \/ Ayuntamiento de Anso\u00e1in","og_image":[{"width":1596,"height":2178,"url":"https:\/\/www.ansoain.es\/wp-content\/uploads\/2026\/04\/7.-El_cementerio_de_las-botellas.jpg","type":"image\/jpeg"}],"twitter_card":"summary_large_image","twitter_misc":{"Est. reading time":"1 minute"},"schema":{"@context":"https:\/\/schema.org","@graph":[{"@type":"WebPage","@id":"https:\/\/www.ansoain.es\/eu\/eventos\/el-cementerio-de-las-botellas-botilen-hilerria-dokumentala-eta-hitzaldia\/","url":"https:\/\/www.ansoain.es\/eu\/eventos\/el-cementerio-de-las-botellas-botilen-hilerria-dokumentala-eta-hitzaldia\/","name":"El cementerio de las botellas - Botilen hilerria | Dokumentala eta hitzaldia - Antsoaingo Udala \/ Ayuntamiento de Anso\u00e1in","isPartOf":{"@id":"http:\/\/www.ansoain.es\/eu\/#website"},"primaryImageOfPage":{"@id":"https:\/\/www.ansoain.es\/eu\/eventos\/el-cementerio-de-las-botellas-botilen-hilerria-dokumentala-eta-hitzaldia\/#primaryimage"},"image":{"@id":"https:\/\/www.ansoain.es\/eu\/eventos\/el-cementerio-de-las-botellas-botilen-hilerria-dokumentala-eta-hitzaldia\/#primaryimage"},"thumbnailUrl":"http:\/\/www.ansoain.es\/wp-content\/uploads\/2026\/04\/7.-El_cementerio_de_las-botellas.jpg","datePublished":"2026-04-28T11:41:12+00:00","breadcrumb":{"@id":"https:\/\/www.ansoain.es\/eu\/eventos\/el-cementerio-de-las-botellas-botilen-hilerria-dokumentala-eta-hitzaldia\/#breadcrumb"},"inLanguage":"eu-ES","potentialAction":[{"@type":"ReadAction","target":["https:\/\/www.ansoain.es\/eu\/eventos\/el-cementerio-de-las-botellas-botilen-hilerria-dokumentala-eta-hitzaldia\/"]}]},{"@type":"ImageObject","inLanguage":"eu-ES","@id":"https:\/\/www.ansoain.es\/eu\/eventos\/el-cementerio-de-las-botellas-botilen-hilerria-dokumentala-eta-hitzaldia\/#primaryimage","url":"http:\/\/www.ansoain.es\/wp-content\/uploads\/2026\/04\/7.-El_cementerio_de_las-botellas.jpg","contentUrl":"http:\/\/www.ansoain.es\/wp-content\/uploads\/2026\/04\/7.-El_cementerio_de_las-botellas.jpg","width":1596,"height":2178},{"@type":"BreadcrumbList","@id":"https:\/\/www.ansoain.es\/eu\/eventos\/el-cementerio-de-las-botellas-botilen-hilerria-dokumentala-eta-hitzaldia\/#breadcrumb","itemListElement":[{"@type":"ListItem","position":1,"name":"Portada","item":"http:\/\/www.ansoain.es\/eu\/"},{"@type":"ListItem","position":2,"name":"Eventos","item":"https:\/\/www.ansoain.es\/eventos\/"},{"@type":"ListItem","position":3,"name":"El cementerio de las botellas &#8211; Botilen hilerria | Dokumentala eta hitzaldia"}]},{"@type":"WebSite","@id":"http:\/\/www.ansoain.es\/eu\/#website","url":"http:\/\/www.ansoain.es\/eu\/","name":"Antsoaingo Udala \/ Ayuntamiento de Anso\u00e1in","description":"Sitio web del Antsoaingo Udala \/ Ayuntamiento de Anso\u00e1in","potentialAction":[{"@type":"SearchAction","target":{"@type":"EntryPoint","urlTemplate":"http:\/\/www.ansoain.es\/eu\/?s={search_term_string}"},"query-input":{"@type":"PropertyValueSpecification","valueRequired":true,"valueName":"search_term_string"}}],"inLanguage":"eu-ES"}]}},"_links":{"self":[{"href":"http:\/\/www.ansoain.es\/eu\/wp-json\/wp\/v2\/eventos\/43826","targetHints":{"allow":["GET"]}}],"collection":[{"href":"http:\/\/www.ansoain.es\/eu\/wp-json\/wp\/v2\/eventos"}],"about":[{"href":"http:\/\/www.ansoain.es\/eu\/wp-json\/wp\/v2\/types\/eventos"}],"wp:featuredmedia":[{"embeddable":true,"href":"http:\/\/www.ansoain.es\/eu\/wp-json\/wp\/v2\/media\/43827"}],"wp:attachment":[{"href":"http:\/\/www.ansoain.es\/eu\/wp-json\/wp\/v2\/media?parent=43826"}],"curies":[{"name":"wp","href":"https:\/\/api.w.org\/{rel}","templated":true}]}}

<p><em><strong>Memoriaren Astea</strong></em></p>
<p>Asociación Txinparta</p>
<p>Iñaki Alforjak egindako dokumentalea</p>
<p>Hizlaria: Koldo Pla</p>
<p>&nbsp;</p>

<!-- This site is optimized with the Yoast SEO plugin v24.9 - https://yoast.com/wordpress/plugins/seo/ -->
<title>El cementerio de las botellas - Botilen hilerria | Dokumentala eta hitzaldia - Antsoaingo Udala / Ayuntamiento de Ansoáin</title>
<meta name="robots" content="index, follow, max-snippet:-1, max-image-preview:large, max-video-preview:-1" />
<link rel="canonical" href="https://www.ansoain.es/eu/eventos/el-cementerio-de-las-botellas-botilen-hilerria-dokumentala-eta-hitzaldia/" />
<meta property="og:locale" content="eu_ES" />
<meta property="og:type" content="article" />
<meta property="og:title" content="El cementerio de las botellas - Botilen hilerria | Dokumentala eta hitzaldia - Antsoaingo Udala / Ayuntamiento de Ansoáin" />
<meta property="og:description" content="Memoriaren Astea Asociación Txinparta Iñaki Alforjak egindako dokumentalea Hizlaria: Koldo Pla &nbsp;" />
<meta property="og:url" content="https://www.ansoain.es/eu/eventos/el-cementerio-de-las-botellas-botilen-hilerria-dokumentala-eta-hitzaldia/" />
<meta property="og:site_name" content="Antsoaingo Udala / Ayuntamiento de Ansoáin" />
<meta property="og:image" content="https://www.ansoain.es/wp-content/uploads/2026/04/7.-El_cementerio_de_las-botellas.jpg" />
	<meta property="og:image:width" content="1596" />
	<meta property="og:image:height" content="2178" />
	<meta property="og:image:type" content="image/jpeg" />
<meta name="twitter:card" content="summary_large_image" />
<meta name="twitter:label1" content="Est. reading time" />
	<meta name="twitter:data1" content="1 minute" />
<script type="application/ld+json" class="yoast-schema-graph">{"@context":"https://schema.org","@graph":[{"@type":"WebPage","@id":"https://www.ansoain.es/eu/eventos/el-cementerio-de-las-botellas-botilen-hilerria-dokumentala-eta-hitzaldia/","url":"https://www.ansoain.es/eu/eventos/el-cementerio-de-las-botellas-botilen-hilerria-dokumentala-eta-hitzaldia/","name":"El cementerio de las botellas - Botilen hilerria | Dokumentala eta hitzaldia - Antsoaingo Udala / Ayuntamiento de Ansoáin","isPartOf":{"@id":"http://www.ansoain.es/eu/#website"},"primaryImageOfPage":{"@id":"https://www.ansoain.es/eu/eventos/el-cementerio-de-las-botellas-botilen-hilerria-dokumentala-eta-hitzaldia/#primaryimage"},"image":{"@id":"https://www.ansoain.es/eu/eventos/el-cementerio-de-las-botellas-botilen-hilerria-dokumentala-eta-hitzaldia/#primaryimage"},"thumbnailUrl":"http://www.ansoain.es/wp-content/uploads/2026/04/7.-El_cementerio_de_las-botellas.jpg","datePublished":"2026-04-28T11:41:12+00:00","breadcrumb":{"@id":"https://www.ansoain.es/eu/eventos/el-cementerio-de-las-botellas-botilen-hilerria-dokumentala-eta-hitzaldia/#breadcrumb"},"inLanguage":"eu-ES","potentialAction":[{"@type":"ReadAction","target":["https://www.ansoain.es/eu/eventos/el-cementerio-de-las-botellas-botilen-hilerria-dokumentala-eta-hitzaldia/"]}]},{"@type":"ImageObject","inLanguage":"eu-ES","@id":"https://www.ansoain.es/eu/eventos/el-cementerio-de-las-botellas-botilen-hilerria-dokumentala-eta-hitzaldia/#primaryimage","url":"http://www.ansoain.es/wp-content/uploads/2026/04/7.-El_cementerio_de_las-botellas.jpg","contentUrl":"http://www.ansoain.es/wp-content/uploads/2026/04/7.-El_cementerio_de_las-botellas.jpg","width":1596,"height":2178},{"@type":"BreadcrumbList","@id":"https://www.ansoain.es/eu/eventos/el-cementerio-de-las-botellas-botilen-hilerria-dokumentala-eta-hitzaldia/#breadcrumb","itemListElement":[{"@type":"ListItem","position":1,"name":"Portada","item":"http://www.ansoain.es/eu/"},{"@type":"ListItem","position":2,"name":"Eventos","item":"https://www.ansoain.es/eventos/"},{"@type":"ListItem","position":3,"name":"El cementerio de las botellas &#8211; Botilen hilerria | Dokumentala eta hitzaldia"}]},{"@type":"WebSite","@id":"http://www.ansoain.es/eu/#website","url":"http://www.ansoain.es/eu/","name":"Antsoaingo Udala / Ayuntamiento de Ansoáin","description":"Sitio web del Antsoaingo Udala / Ayuntamiento de Ansoáin","potentialAction":[{"@type":"SearchAction","target":{"@type":"EntryPoint","urlTemplate":"http://www.ansoain.es/eu/?s={search_term_string}"},"query-input":{"@type":"PropertyValueSpecification","valueRequired":true,"valueName":"search_term_string"}}],"inLanguage":"eu-ES"}]}</script>
<!-- / Yoast SEO plugin. -->

El cementerio de las botellas - Botilen hilerria | Dokumentala eta hitzaldia - Antsoaingo Udala / Ayuntamiento de Ansoáin

Memoriaren Astea Asociación Txinparta Iñaki Alforjak egindako dokumentalea Hizlaria: Koldo Pla &nbsp;

Antsoaingo Udala / Ayuntamiento de Ansoáin

Sitio web del Antsoaingo Udala / Ayuntamiento de Ansoáin
